{"id":89889,"date":"2026-02-04T15:16:03","date_gmt":"2026-02-04T15:16:03","guid":{"rendered":"https:\/\/abcrflagarinhos.org\/?page_id=89889"},"modified":"2026-02-10T16:17:32","modified_gmt":"2026-02-10T16:17:32","slug":"cantina-social","status":"publish","type":"page","link":"https:\/\/abcrflagarinhos.org\/?page_id=89889","title":{"rendered":"Cantina Social"},"content":{"rendered":"\t\t<div data-elementor-type=\"wp-page\" data-elementor-id=\"89889\" class=\"elementor elementor-89889\">\n\t\t\t\t<div class=\"elementor-element elementor-element-1e6965d5 e-con-full e-flex tm-col-stretched-none tm-bg-color-over-image e-con e-parent\" data-id=\"1e6965d5\" data-element_type=\"container\" data-e-type=\"container\">\n\t\t<div class=\"elementor-element elementor-element-33dfd8e0 e-con-full e-flex tm-col-stretched-none tm-bg-color-over-image e-con e-child\" data-id=\"33dfd8e0\" data-element_type=\"container\" data-e-type=\"container\">\n\t\t\t\t<div class=\"elementor-element elementor-element-3e9d092f elementor-widget__width-inherit elementor-widget elementor-widget-image\" data-id=\"3e9d092f\" data-element_type=\"widget\" data-e-type=\"widget\" data-widget_type=\"image.default\">\n\t\t\t\t\t\t\t\t\t\t\t\t\t\t\t<img fetchpriority=\"high\" decoding=\"async\" width=\"1024\" height=\"1536\" src=\"https:\/\/abcrflagarinhos.org\/wp-content\/uploads\/2026\/02\/cantinasocial.png\" class=\"attachment-full size-full wp-image-89894\" alt=\"\" srcset=\"https:\/\/abcrflagarinhos.org\/wp-content\/uploads\/2026\/02\/cantinasocial.png 1024w, https:\/\/abcrflagarinhos.org\/wp-content\/uploads\/2026\/02\/cantinasocial-200x300.png 200w, https:\/\/abcrflagarinhos.org\/wp-content\/uploads\/2026\/02\/cantinasocial-683x1024.png 683w, https:\/\/abcrflagarinhos.org\/wp-content\/uploads\/2026\/02\/cantinasocial-768x1152.png 768w, https:\/\/abcrflagarinhos.org\/wp-content\/uploads\/2026\/02\/cantinasocial-600x900.png 600w\" sizes=\"(max-width: 1024px) 100vw, 1024px\" \/>\t\t\t\t\t\t\t\t\t\t\t\t\t\t\t<\/div>\n\t\t\t\t<\/div>\n\t\t<div class=\"elementor-element elementor-element-67789fa4 e-con-full tm-col-stretched-none e-flex tm-bg-color-over-image e-con e-child\" data-id=\"67789fa4\" data-element_type=\"container\" data-e-type=\"container\">\n\t\t\t\t<div class=\"elementor-element elementor-element-6ef95764 elementor-widget elementor-widget-tm-ele-text-editor\" data-id=\"6ef95764\" data-element_type=\"widget\" data-e-type=\"widget\" data-widget_type=\"tm-ele-text-editor.default\">\n\t\t\t\t<div class=\"elementor-widget-container\">\n\t\t\t\t\t\t\t<div class=\"tm-text-editor\">\r\n\t\t<h2>O que \u00e9 a Cantina Social<\/h2>\t\t<\/div>\r\n\t\t\t\t\t<\/div>\n\t\t\t\t<\/div>\n\t\t\t\t<div class=\"elementor-element elementor-element-1e28cefb elementor-widget elementor-widget-tm-ele-text-editor\" data-id=\"1e28cefb\" data-element_type=\"widget\" data-e-type=\"widget\" data-widget_type=\"tm-ele-text-editor.default\">\n\t\t\t\t<div class=\"elementor-widget-container\">\n\t\t\t\t\t\t\t<div class=\"tm-text-editor\">\r\n\t\t<p>A Cantina Social \u00e9 uma resposta de apoio alimentar destinada a pessoas e fam\u00edlias em situa\u00e7\u00e3o de vulnerabilidade econ\u00f3mica ou social, garantindo o acesso a refei\u00e7\u00f5es equilibradas, seguras e confecionadas diariamente, promovendo dignidade, inclus\u00e3o e bem-estar.<\/p>\t\t<\/div>\r\n\t\t\t\t\t<\/div>\n\t\t\t\t<\/div>\n\t\t\t\t<div class=\"elementor-element elementor-element-52de0928 elementor-widget elementor-widget-tm-ele-iconbox\" data-id=\"52de0928\" data-element_type=\"widget\" data-e-type=\"widget\" data-widget_type=\"tm-ele-iconbox.default\">\n\t\t\t\t<div class=\"elementor-widget-container\">\n\t\t\t\t\t<div class=\"tm-sc-icon-box icon-box icon-top no-icon icon-top animate-hover icon-rotate-y\">\r\n\t\r\n  \t<div class=\"icon-box-wrapper\">\r\n\t\t\r\n\t\t\t<div class=\"icon-text\">\r\n\t\t\t\t\t\t\r\n\t\t\t\t<p class=\"icon-box-title \">\r\n\t\t\t\t\t\t\tRefei\u00e7\u00f5es quentes, apoio alimentar e solidariedade para quem mais precisa.\t\t\t\t\t<\/p>\r\n\t\t\t\t\t\t\t\t\r\n\t\t\t\r\n\t\r\n\t\t\t\t\t<\/div>\r\n\t\t<div class=\"clearfix\"><\/div>\r\n\t<\/div>\r\n<\/div>\t\t\t\t<\/div>\n\t\t\t\t<\/div>\n\t\t\t\t<div class=\"elementor-element elementor-element-5c6a28f4 elementor-widget elementor-widget-tm-ele-text-editor\" data-id=\"5c6a28f4\" data-element_type=\"widget\" data-e-type=\"widget\" data-widget_type=\"tm-ele-text-editor.default\">\n\t\t\t\t<div class=\"elementor-widget-container\">\n\t\t\t\t\t\t\t<div class=\"tm-text-editor\">\r\n\t\t<p>A Cantina Social assegura a disponibiliza\u00e7\u00e3o de refei\u00e7\u00f5es di\u00e1rias a pessoas e fam\u00edlias em situa\u00e7\u00e3o de vulnerabilidade, funcionando em hor\u00e1rio definido, de acordo com o regulamento interno da Institui\u00e7\u00e3o.<\/p>\t\t<\/div>\r\n\t\t\t\t\t<\/div>\n\t\t\t\t<\/div>\n\t\t\t\t<\/div>\n\t\t\t\t<\/div>\n\t\t<div class=\"elementor-element elementor-element-4b8b0de6 e-con-full e-flex tm-col-stretched-none tm-bg-color-over-image e-con e-parent\" data-id=\"4b8b0de6\" data-element_type=\"container\" data-e-type=\"container\">\n\t\t<div class=\"elementor-element elementor-element-67630b48 e-con-full e-flex tm-col-stretched-none tm-bg-color-over-image e-con e-child\" data-id=\"67630b48\" data-element_type=\"container\" data-e-type=\"container\">\n\t\t\t\t<div class=\"elementor-element elementor-element-424346f3 elementor-widget__width-initial elementor-widget elementor-widget-tm-ele-iconbox\" data-id=\"424346f3\" data-element_type=\"widget\" data-e-type=\"widget\" data-widget_type=\"tm-ele-iconbox.default\">\n\t\t\t\t<div class=\"elementor-widget-container\">\n\t\t\t\t\t<div class=\"tm-sc-icon-box icon-box icon-left font-icon responsive-tablet responsive-mobile icon-left\">\r\n\t\r\n  \t<div class=\"icon-box-wrapper\">\r\n\t\t\r\n\t\t<div class=\"icon-wrapper\">\r\n\t\t<div class=\"icon icon-round icon-type-font-icon icon-lg\">\r\n\t\t\t<i aria-hidden=\"true\" class=\" flaticon-common-cart2\"><\/i>\t\t<\/div>\r\n\r\n\t\t\t<\/div>\r\n\t\t\t<div class=\"icon-text\">\r\n\t\t\t\t\t\t\r\n\t\t\t\t<h4 class=\"icon-box-title \">\r\n\t\t\t\t\t\t\tApoio a situa\u00e7\u00f5es de car\u00eancia\t\t\t\t\t<\/h4>\r\n\t\t\t\t\t<div class=\"content\"><p><span>Destina-se prioritariamente a indiv\u00edduos e fam\u00edlias em situa\u00e7\u00e3o de vulnerabilidade socioecon\u00f3mica ou emerg\u00eancia alimentar.<\/span><\/p><\/div>\r\n\t\t\t\r\n\t\t\t\r\n\t\r\n\t\t\t\t\t<\/div>\r\n\t\t<div class=\"clearfix\"><\/div>\r\n\t<\/div>\r\n<\/div>\t\t\t\t<\/div>\n\t\t\t\t<\/div>\n\t\t\t\t<div class=\"elementor-element elementor-element-578ce62 elementor-widget__width-initial elementor-widget elementor-widget-tm-ele-iconbox\" data-id=\"578ce62\" data-element_type=\"widget\" data-e-type=\"widget\" data-widget_type=\"tm-ele-iconbox.default\">\n\t\t\t\t<div class=\"elementor-widget-container\">\n\t\t\t\t\t<div class=\"tm-sc-icon-box icon-box icon-left font-icon responsive-tablet responsive-mobile icon-left\">\r\n\t\r\n  \t<div class=\"icon-box-wrapper\">\r\n\t\t\r\n\t\t<div class=\"icon-wrapper\">\r\n\t\t<div class=\"icon icon-round icon-type-font-icon icon-lg\">\r\n\t\t\t<i aria-hidden=\"true\" class=\" flaticon-common-cart3\"><\/i>\t\t<\/div>\r\n\r\n\t\t\t<\/div>\r\n\t\t\t<div class=\"icon-text\">\r\n\t\t\t\t\t\t\r\n\t\t\t\t<h4 class=\"icon-box-title \">\r\n\t\t\t\t\t\t\tFornecimento de refei\u00e7\u00f5es\t\t\t\t\t<\/h4>\r\n\t\t\t\t\t<div class=\"content\"><p><span>Garante refei\u00e7\u00f5es completas (almo\u00e7o e\/ou jantar) e nutricionalmente equilibradas, adaptadas \u00e0s necessidades dos utentes.<\/span><\/p><\/div>\r\n\t\t\t\r\n\t\t\t\r\n\t\r\n\t\t\t\t\t<\/div>\r\n\t\t<div class=\"clearfix\"><\/div>\r\n\t<\/div>\r\n<\/div>\t\t\t\t<\/div>\n\t\t\t\t<\/div>\n\t\t\t\t<div class=\"elementor-element elementor-element-2c04e3dc elementor-widget__width-initial elementor-widget elementor-widget-tm-ele-iconbox\" data-id=\"2c04e3dc\" data-element_type=\"widget\" data-e-type=\"widget\" data-widget_type=\"tm-ele-iconbox.default\">\n\t\t\t\t<div class=\"elementor-widget-container\">\n\t\t\t\t\t<div class=\"tm-sc-icon-box icon-box icon-left font-icon responsive-tablet responsive-mobile icon-left\">\r\n\t\r\n  \t<div class=\"icon-box-wrapper\">\r\n\t\t\r\n\t\t<div class=\"icon-wrapper\">\r\n\t\t<div class=\"icon icon-round icon-type-font-icon icon-lg\">\r\n\t\t\t<i aria-hidden=\"true\" class=\" flaticon-common-bag\"><\/i>\t\t<\/div>\r\n\r\n\t\t\t<\/div>\r\n\t\t\t<div class=\"icon-text\">\r\n\t\t\t\t\t\t\r\n\t\t\t\t<h4 class=\"icon-box-title \">\r\n\t\t\t\t\t\t\tServi\u00e7o de proximidade\t\t\t\t\t<\/h4>\r\n\t\t\t\t\t<div class=\"content\"><p><span>Frequentemente, as refei\u00e7\u00f5es s\u00e3o disponibilizadas para\u00a0<\/span><strong class=\"Yjhzub\" data-complete=\"true\">consumo externo<\/strong><span>\u00a0(take-away), permitindo que os benefici\u00e1rios as tomem no conforto do seu domic\u00edlio.<\/span><\/p><\/div>\r\n\t\t\t\r\n\t\t\t\r\n\t\r\n\t\t\t\t\t<\/div>\r\n\t\t<div class=\"clearfix\"><\/div>\r\n\t<\/div>\r\n<\/div>\t\t\t\t<\/div>\n\t\t\t\t<\/div>\n\t\t\t\t<div class=\"elementor-element elementor-element-1bd6cb27 elementor-widget__width-initial elementor-widget elementor-widget-tm-ele-iconbox\" data-id=\"1bd6cb27\" data-element_type=\"widget\" data-e-type=\"widget\" data-widget_type=\"tm-ele-iconbox.default\">\n\t\t\t\t<div class=\"elementor-widget-container\">\n\t\t\t\t\t<div class=\"tm-sc-icon-box icon-box icon-left font-icon responsive-tablet responsive-mobile icon-left animate-hover icon-rotate\">\r\n\t\r\n  \t<div class=\"icon-box-wrapper\">\r\n\t\t\r\n\t\t<div class=\"icon-wrapper\">\r\n\t\t<div class=\"icon icon-round icon-type-font-icon icon-lg\">\r\n\t\t\t<i aria-hidden=\"true\" class=\" flaticon-oldkare-chat\"><\/i>\t\t<\/div>\r\n\r\n\t\t\t<\/div>\r\n\t\t\t<div class=\"icon-text\">\r\n\t\t\t\t\t\t\r\n\t\t\t\t<h4 class=\"icon-box-title \">\r\n\t\t\t\t\t\t\tIntegra\u00e7\u00e3o de servi\u00e7os\t\t\t\t\t<\/h4>\r\n\t\t\t\t\t<div class=\"content\"><p><span>Frequentemente, as refei\u00e7\u00f5es s\u00e3o disponibilizadas para\u00a0<\/span><strong class=\"Yjhzub\" data-complete=\"true\">consumo externo<\/strong><span>\u00a0(take-away), permitindo que os benefici\u00e1rios as tomem no conforto do seu domic\u00edlio.<\/span><\/p><\/div>\r\n\t\t\t\r\n\t\t\t\r\n\t\r\n\t\t\t\t\t<\/div>\r\n\t\t<div class=\"clearfix\"><\/div>\r\n\t<\/div>\r\n<\/div>\t\t\t\t<\/div>\n\t\t\t\t<\/div>\n\t\t\t\t<\/div>\n\t\t\t\t<\/div>\n\t\t<div class=\"elementor-element elementor-element-14e65635 e-con-full e-flex tm-col-stretched-none tm-bg-color-over-image e-con e-parent\" data-id=\"14e65635\" data-element_type=\"container\" data-e-type=\"container\">\n\t\t<div class=\"elementor-element elementor-element-3dd51e4 e-con-full tm-col-stretched-none e-flex tm-bg-color-over-image e-con e-child\" data-id=\"3dd51e4\" data-element_type=\"container\" data-e-type=\"container\">\n\t\t\t\t<div class=\"elementor-element elementor-element-22244720 elementor-widget elementor-widget-image\" data-id=\"22244720\" data-element_type=\"widget\" data-e-type=\"widget\" data-widget_type=\"image.default\">\n\t\t\t\t\t\t\t\t\t\t\t\t\t\t\t<img decoding=\"async\" width=\"1920\" height=\"1280\" src=\"https:\/\/abcrflagarinhos.org\/wp-content\/uploads\/2023\/08\/bg6-3.jpg\" class=\"attachment-full size-full wp-image-80374\" alt=\"\" srcset=\"https:\/\/abcrflagarinhos.org\/wp-content\/uploads\/2023\/08\/bg6-3.jpg 1920w, https:\/\/abcrflagarinhos.org\/wp-content\/uploads\/2023\/08\/bg6-3-600x400.jpg 600w, https:\/\/abcrflagarinhos.org\/wp-content\/uploads\/2023\/08\/bg6-3-300x200.jpg 300w, https:\/\/abcrflagarinhos.org\/wp-content\/uploads\/2023\/08\/bg6-3-1024x683.jpg 1024w, https:\/\/abcrflagarinhos.org\/wp-content\/uploads\/2023\/08\/bg6-3-768x512.jpg 768w, https:\/\/abcrflagarinhos.org\/wp-content\/uploads\/2023\/08\/bg6-3-1536x1024.jpg 1536w, https:\/\/abcrflagarinhos.org\/wp-content\/uploads\/2023\/08\/bg6-3-672x448.jpg 672w\" sizes=\"(max-width: 1920px) 100vw, 1920px\" \/>\t\t\t\t\t\t\t\t\t\t\t\t\t\t\t<\/div>\n\t\t\t\t<\/div>\n\t\t<div class=\"elementor-element elementor-element-6c85cca3 e-con-full tm-col-stretched-none e-flex tm-bg-color-over-image e-con e-child\" data-id=\"6c85cca3\" data-element_type=\"container\" data-e-type=\"container\">\n\t\t\t\t<div class=\"elementor-element elementor-element-ea550fa elementor-widget elementor-widget-tm-ele-text-editor\" data-id=\"ea550fa\" data-element_type=\"widget\" data-e-type=\"widget\" data-widget_type=\"tm-ele-text-editor.default\">\n\t\t\t\t<div class=\"elementor-widget-container\">\n\t\t\t\t\t\t\t<div class=\"tm-text-editor\">\r\n\t\t<h3>Objetivos da Cantina Social<\/h3>\t\t<\/div>\r\n\t\t\t\t\t<\/div>\n\t\t\t\t<\/div>\n\t\t\t\t<div class=\"elementor-element elementor-element-48b159d elementor-widget__width-initial elementor-widget elementor-widget-tm-ele-list\" data-id=\"48b159d\" data-element_type=\"widget\" data-e-type=\"widget\" data-widget_type=\"tm-ele-list.default\">\n\t\t\t\t<div class=\"elementor-widget-container\">\n\t\t\t\t\t<ul class=\"tm-sc-list \">\r\n\t<li class=\"\">\r\n\t\t\t\t<i aria-hidden=\"true\" class=\"fas fa-chevron-circle-right\"><\/i>\t\t\t\t<span>\r\n\tGarantir o acesso a refei\u00e7\u00f5es equilibradas e nutricionalmente adequadas<\/span><\/li>\t<li class=\"\">\r\n\t\t\t\t<i aria-hidden=\"true\" class=\"fas fa-chevron-circle-right\"><\/i>\t\t\t\t<span>\r\n\tApoiar pessoas e fam\u00edlias em situa\u00e7\u00e3o de vulnerabilidade econ\u00f3mica ou social<\/span><\/li>\t<li class=\"\">\r\n\t\t\t\t<i aria-hidden=\"true\" class=\"fas fa-chevron-circle-right\"><\/i>\t\t\t\t<span>\r\n\tCombater a inseguran\u00e7a alimentar e o risco de exclus\u00e3o social<\/span><\/li>\t<li class=\"\">\r\n\t\t\t\t<i aria-hidden=\"true\" class=\"fas fa-chevron-circle-right\"><\/i>\t\t\t\t<span>\r\n\tPromover dignidade, bem-estar e qualidade de vida<\/span><\/li>\t<li class=\"\">\r\n\t\t\t\t<i aria-hidden=\"true\" class=\"fas fa-chevron-circle-right\"><\/i>\t\t\t\t<span>\r\n\tEncaminhar os benefici\u00e1rios para outras respostas e apoios sociais da Institui\u00e7\u00e3o<\/span><\/li><\/ul>\t\t\t\t<\/div>\n\t\t\t\t<\/div>\n\t\t\t\t<div class=\"elementor-element elementor-element-6237af7 elementor-widget elementor-widget-tm-ele-text-editor\" data-id=\"6237af7\" data-element_type=\"widget\" data-e-type=\"widget\" data-widget_type=\"tm-ele-text-editor.default\">\n\t\t\t\t<div class=\"elementor-widget-container\">\n\t\t\t\t\t\t\t<div class=\"tm-text-editor\">\r\n\t\t<h3>Como funciona<\/h3>\t\t<\/div>\r\n\t\t\t\t\t<\/div>\n\t\t\t\t<\/div>\n\t\t\t\t<div class=\"elementor-element elementor-element-4cbea88 elementor-widget elementor-widget-tm-ele-service-block\" data-id=\"4cbea88\" data-element_type=\"widget\" data-e-type=\"widget\" data-widget_type=\"tm-ele-service-block.default\">\n\t\t\t\t<div class=\"elementor-widget-container\">\n\t\t\t\t\t\t<div class=\"tm-sc-service tm-service-grid\">\r\n\t\t<!-- Isotope Gallery Grid -->\r\n\t\t<div id=\"service-block-holder-692410\" class=\"isotope-layout grid-4 gutter-10   clearfix\">\r\n\t\t\t<div class=\"isotope-layout-inner\">\r\n\t\t\t\t<!-- the loop -->\r\n\t\t\t\t\t\t\t\t\t\t\t\t\t\t\t\t<div class=\"isotope-item service-item elementor-repeater-item-fff5ae8 \" data-wow-delay=\"\">\r\n\t\t\t\t\t<!-- Service Block Style1-->\r\n<div class=\"service-block-style1\">\r\n  <div class=\"service-inner\">\r\n    <div class=\"service-thumb-wrapper\">\r\n        <div class=\"service-thumb\">\r\n          \r\n\t\t\r\n<div class=\"service-featured-img\">\r\n\t<img decoding=\"async\" src=\"\" width=\"\" height=\"\" alt=\"\">\r\n<\/div>        <\/div>\r\n        <div class=\"service-icon\">\r\n\t<i aria-hidden=\"true\" class=\"far fa-file-excel\"><\/i><\/div>    <\/div>\r\n    <div class=\"service-content\">\r\n      \r\n\t\t<h4 class=\"service-title\">\r\n\t\t\t\t\tAvalia\u00e7\u00e3o social\t\t\t<\/h4>\r\n\t      <div class=\"service-details\">An\u00e1lise da situa\u00e7\u00e3o socioecon\u00f3mica do agregado.<\/div>\r\n          <\/div>\r\n  <\/div>\r\n<\/div>\t\t\t\t<\/div>\r\n\t\t\t\t\t\t\t\t\t\t\t\t\t\t\t\t<div class=\"isotope-item service-item elementor-repeater-item-3b592af \" data-wow-delay=\"\">\r\n\t\t\t\t\t<!-- Service Block Style1-->\r\n<div class=\"service-block-style1\">\r\n  <div class=\"service-inner\">\r\n    <div class=\"service-thumb-wrapper\">\r\n        <div class=\"service-thumb\">\r\n          \r\n\t\t\r\n<div class=\"service-featured-img\">\r\n\t<img decoding=\"async\" src=\"\" width=\"\" height=\"\" alt=\"\">\r\n<\/div>        <\/div>\r\n        <div class=\"service-icon\">\r\n\t<i aria-hidden=\"true\" class=\" flaticon-common-arrow-right\"><\/i><\/div>    <\/div>\r\n    <div class=\"service-content\">\r\n      \r\n\t\t<h4 class=\"service-title\">\r\n\t\t\t\t\tEncaminhamento\t\t\t<\/h4>\r\n\t      <div class=\"service-details\">Defini\u00e7\u00e3o do apoio adequado e frequ\u00eancia das refei\u00e7\u00f5es.<\/div>\r\n          <\/div>\r\n  <\/div>\r\n<\/div>\t\t\t\t<\/div>\r\n\t\t\t\t\t\t\t\t\t\t\t\t\t\t\t\t<div class=\"isotope-item service-item elementor-repeater-item-2761d31 \" data-wow-delay=\"\">\r\n\t\t\t\t\t<!-- Service Block Style1-->\r\n<div class=\"service-block-style1\">\r\n  <div class=\"service-inner\">\r\n    <div class=\"service-thumb-wrapper\">\r\n        <div class=\"service-thumb\">\r\n          \r\n\t\t\r\n<div class=\"service-featured-img\">\r\n\t<img decoding=\"async\" src=\"\" width=\"\" height=\"\" alt=\"\">\r\n<\/div>        <\/div>\r\n        <div class=\"service-icon\">\r\n\t<i aria-hidden=\"true\" class=\" flaticon-common-shopping-cart\"><\/i><\/div>    <\/div>\r\n    <div class=\"service-content\">\r\n      \r\n\t\t<h4 class=\"service-title\">\r\n\t\t\t\t\tFornecimento das refei\u00e7\u00f5es\t\t\t<\/h4>\r\n\t      <div class=\"service-details\">Entrega ou consumo local em hor\u00e1rio definido.<\/div>\r\n          <\/div>\r\n  <\/div>\r\n<\/div>\t\t\t\t<\/div>\r\n\t\t\t\t\t\t\t\t\t\t\t\t\t\t\t\t<div class=\"isotope-item service-item elementor-repeater-item-7e9413c \" data-wow-delay=\"\">\r\n\t\t\t\t\t<!-- Service Block Style1-->\r\n<div class=\"service-block-style1\">\r\n  <div class=\"service-inner\">\r\n    <div class=\"service-thumb-wrapper\">\r\n        <div class=\"service-thumb\">\r\n          \r\n\t\t\r\n<div class=\"service-featured-img\">\r\n\t<img decoding=\"async\" src=\"\" width=\"\" height=\"\" alt=\"\">\r\n<\/div>        <\/div>\r\n        <div class=\"service-icon\">\r\n\t<i aria-hidden=\"true\" class=\"far fa-edit\"><\/i><\/div>    <\/div>\r\n    <div class=\"service-content\">\r\n      \r\n\t\t<h4 class=\"service-title\">\r\n\t\t\t\t\tAcompanhamento\t\t\t<\/h4>\r\n\t      <div class=\"service-details\">Monitoriza\u00e7\u00e3o cont\u00ednua e articula\u00e7\u00e3o com outros apoios sociais.<\/div>\r\n          <\/div>\r\n  <\/div>\r\n<\/div>\t\t\t\t<\/div>\r\n\t\t\t\t\t\t\t\t<!-- end of the loop -->\r\n\t\t\t<\/div>\r\n\t\t<\/div>\r\n\t\t\t<\/div>\r\n\r\n\t\t\t\t<\/div>\n\t\t\t\t<\/div>\n\t\t\t\t<div class=\"elementor-element elementor-element-5d66c844 elementor-widget elementor-widget-tm-ele-accordion\" data-id=\"5d66c844\" data-element_type=\"widget\" data-e-type=\"widget\" data-widget_type=\"tm-ele-accordion.skin-classic\">\n\t\t\t\t<div class=\"elementor-widget-container\">\n\t\t\t\t\t\t\t<div id=\"accordion-holder-537286\" class=\"tm-accordion skin-classic\">\r\n\t\r\n  <div class=\"card active\">\r\n    <div class=\"card-header p-0\" id=\"heading251\">\r\n      <h5 class=\"title \" data-bs-toggle=\"collapse\" data-bs-target=\"#collapse251\" aria-expanded=\"true\" aria-controls=\"collapse251\">\r\n        <span class=\"text\">Quem pode aceder?<\/span>\r\n        <span class=\"accordion-controls-icon\"><i class=\"fas fa-chevron-down\"><\/i><\/span>\r\n      <\/h5>\r\n    <\/div>\r\n    <div id=\"collapse251\" class=\"collapse show\" aria-labelledby=\"heading251\" data-bs-parent=\"#accordion-holder-537286\">\r\n      <div class=\"card-body\">\r\n        <p>Podem aceder \u00e0 Cantina Social pessoas e fam\u00edlias em situa\u00e7\u00e3o de vulnerabilidade econ\u00f3mica ou social, com dificuldades no acesso a alimenta\u00e7\u00e3o adequada, sinalizadas pelos servi\u00e7os sociais, entidades parceiras ou pela pr\u00f3pria Institui\u00e7\u00e3o, mediante avalia\u00e7\u00e3o da situa\u00e7\u00e3o.<\/p>      <\/div>\r\n    <\/div>\r\n  <\/div>\r\n\r\n  <div class=\"card \">\r\n    <div class=\"card-header p-0\" id=\"heading252\">\r\n      <h5 class=\"title collapsed\" data-bs-toggle=\"collapse\" data-bs-target=\"#collapse252\" aria-expanded=\"false\" aria-controls=\"collapse252\">\r\n        <span class=\"text\">\u00c9 gratuito?<\/span>\r\n        <span class=\"accordion-controls-icon\"><i class=\"fas fa-chevron-down\"><\/i><\/span>\r\n      <\/h5>\r\n    <\/div>\r\n    <div id=\"collapse252\" class=\"collapse \" aria-labelledby=\"heading252\" data-bs-parent=\"#accordion-holder-537286\">\r\n      <div class=\"card-body\">\r\n        <p>A Cantina Social pode ser gratuita ou sujeita a uma comparticipa\u00e7\u00e3o simb\u00f3lica, de acordo com a situa\u00e7\u00e3o socioecon\u00f3mica do agregado familiar e o regulamento interno em vigor, garantindo sempre uma resposta ajustada \u00e0s necessidades de cada pessoa.<\/p>      <\/div>\r\n    <\/div>\r\n  <\/div>\r\n\r\n  <div class=\"card \">\r\n    <div class=\"card-header p-0\" id=\"heading253\">\r\n      <h5 class=\"title collapsed\" data-bs-toggle=\"collapse\" data-bs-target=\"#collapse253\" aria-expanded=\"false\" aria-controls=\"collapse253\">\r\n        <span class=\"text\">Como pedir apoio?<\/span>\r\n        <span class=\"accordion-controls-icon\"><i class=\"fas fa-chevron-down\"><\/i><\/span>\r\n      <\/h5>\r\n    <\/div>\r\n    <div id=\"collapse253\" class=\"collapse \" aria-labelledby=\"heading253\" data-bs-parent=\"#accordion-holder-537286\">\r\n      <div class=\"card-body\">\r\n        <p>O pedido de apoio pode ser feito presencialmente, por telefone ou atrav\u00e9s de encaminhamento pelos servi\u00e7os sociais. Ser\u00e1 realizada uma avalia\u00e7\u00e3o social para analisar a situa\u00e7\u00e3o e definir o tipo de apoio alimentar mais adequado.<\/p>      <\/div>\r\n    <\/div>\r\n  <\/div>\r\n\r\n  <div class=\"card \">\r\n    <div class=\"card-header p-0\" id=\"heading254\">\r\n      <h5 class=\"title collapsed\" data-bs-toggle=\"collapse\" data-bs-target=\"#collapse254\" aria-expanded=\"false\" aria-controls=\"collapse254\">\r\n        <span class=\"text\">Que documentos s\u00e3o necess\u00e1rios?<\/span>\r\n        <span class=\"accordion-controls-icon\"><i class=\"fas fa-chevron-down\"><\/i><\/span>\r\n      <\/h5>\r\n    <\/div>\r\n    <div id=\"collapse254\" class=\"collapse \" aria-labelledby=\"heading254\" data-bs-parent=\"#accordion-holder-537286\">\r\n      <div class=\"card-body\">\r\n        <p>Poder\u00e3o ser solicitados documentos de identifica\u00e7\u00e3o, comprovativos de rendimentos e despesas do agregado familiar, bem como outros elementos relevantes para a avalia\u00e7\u00e3o socioecon\u00f3mica.<\/p>      <\/div>\r\n    <\/div>\r\n  <\/div>\r\n\r\n  <div class=\"card \">\r\n    <div class=\"card-header p-0\" id=\"heading255\">\r\n      <h5 class=\"title collapsed\" data-bs-toggle=\"collapse\" data-bs-target=\"#collapse255\" aria-expanded=\"false\" aria-controls=\"collapse255\">\r\n        <span class=\"text\">Posso levantar refei\u00e7\u00f5es para familiar?<\/span>\r\n        <span class=\"accordion-controls-icon\"><i class=\"fas fa-chevron-down\"><\/i><\/span>\r\n      <\/h5>\r\n    <\/div>\r\n    <div id=\"collapse255\" class=\"collapse \" aria-labelledby=\"heading255\" data-bs-parent=\"#accordion-holder-537286\">\r\n      <div class=\"card-body\">\r\n        <p data-start=\"1464\" data-end=\"1680\">Sim. Sempre que devidamente autorizado, as refei\u00e7\u00f5es podem ser levantadas por familiares ou cuidadores, garantindo que o apoio alimentar chega a quem dele necessita, mesmo quando n\u00e3o \u00e9 poss\u00edvel a desloca\u00e7\u00e3o ao local.<\/p>      <\/div>\r\n    <\/div>\r\n  <\/div>\r\n\t\t<\/div>\r\n\t\t\t\t\t<\/div>\n\t\t\t\t<\/div>\n\t\t\t\t<div class=\"elementor-element elementor-element-447cf2b elementor-widget elementor-widget-tm-ele-text-editor\" data-id=\"447cf2b\" data-element_type=\"widget\" data-e-type=\"widget\" data-widget_type=\"tm-ele-text-editor.default\">\n\t\t\t\t<div class=\"elementor-widget-container\">\n\t\t\t\t\t\t\t<div class=\"tm-text-editor\">\r\n\t\t<h3><span>Para mais informa\u00e7\u00f5es ou inscri\u00e7\u00f5es <\/span><span>\u00a0contactar a institui\u00e7\u00e3o diretamente.<\/span><\/h3>\t\t<\/div>\r\n\t\t\t\t\t<\/div>\n\t\t\t\t<\/div>\n\t\t\t\t<\/div>\n\t\t\t\t<\/div>\n\t\t\t\t<\/div>\n\t\t","protected":false},"excerpt":{"rendered":"<p>O que \u00e9 a Cantina Social A Cantina Social \u00e9 uma resposta de apoio alimentar destinada a pessoas e fam\u00edlias&#8230;<\/p>\n","protected":false},"author":1,"featured_media":0,"parent":0,"menu_order":0,"comment_status":"closed","ping_status":"closed","template":"","meta":{"om_disable_all_campaigns":false,"footnotes":""},"class_list":["post-89889","page","type-page","status-publish","hentry"],"aioseo_notices":[],"_links":{"self":[{"href":"https:\/\/abcrflagarinhos.org\/index.php?rest_route=\/wp\/v2\/pages\/89889","targetHints":{"allow":["GET"]}}],"collection":[{"href":"https:\/\/abcrflagarinhos.org\/index.php?rest_route=\/wp\/v2\/pages"}],"about":[{"href":"https:\/\/abcrflagarinhos.org\/index.php?rest_route=\/wp\/v2\/types\/page"}],"author":[{"embeddable":true,"href":"https:\/\/abcrflagarinhos.org\/index.php?rest_route=\/wp\/v2\/users\/1"}],"replies":[{"embeddable":true,"href":"https:\/\/abcrflagarinhos.org\/index.php?rest_route=%2Fwp%2Fv2%2Fcomments&post=89889"}],"version-history":[{"count":61,"href":"https:\/\/abcrflagarinhos.org\/index.php?rest_route=\/wp\/v2\/pages\/89889\/revisions"}],"predecessor-version":[{"id":90727,"href":"https:\/\/abcrflagarinhos.org\/index.php?rest_route=\/wp\/v2\/pages\/89889\/revisions\/90727"}],"wp:attachment":[{"href":"https:\/\/abcrflagarinhos.org\/index.php?rest_route=%2Fwp%2Fv2%2Fmedia&parent=89889"}],"curies":[{"name":"wp","href":"https:\/\/api.w.org\/{rel}","templated":true}]}}