{"id":89411,"date":"2026-01-23T16:39:11","date_gmt":"2026-01-23T16:39:11","guid":{"rendered":"https:\/\/abcrflagarinhos.org\/?page_id=89411"},"modified":"2026-02-25T13:32:49","modified_gmt":"2026-02-25T13:32:49","slug":"a-nossa-historia","status":"publish","type":"page","link":"https:\/\/abcrflagarinhos.org\/?page_id=89411","title":{"rendered":"A Nossa Hist\u00f3ria"},"content":{"rendered":"\t\t<div data-elementor-type=\"wp-page\" data-elementor-id=\"89411\" class=\"elementor elementor-89411\">\n\t\t\t\t<div class=\"elementor-element elementor-element-febf857 e-flex e-con-boxed tm-col-stretched-none tm-bg-color-over-image e-con e-parent\" data-id=\"febf857\" data-element_type=\"container\" data-e-type=\"container\">\n\t\t\t\t\t<div class=\"e-con-inner\">\n\t\t<div class=\"elementor-element elementor-element-d6c22a0 e-con-full e-flex tm-col-stretched-none tm-bg-color-over-image e-con e-child\" data-id=\"d6c22a0\" data-element_type=\"container\" data-e-type=\"container\">\n\t\t<div class=\"elementor-element elementor-element-60294e8 e-con-full tm-col-stretched-none e-flex tm-bg-color-over-image e-con e-child\" data-id=\"60294e8\" data-element_type=\"container\" data-e-type=\"container\">\n\t\t\t\t<div class=\"elementor-element elementor-element-4bdc44e elementor-widget elementor-widget-image\" data-id=\"4bdc44e\" data-element_type=\"widget\" data-e-type=\"widget\" data-widget_type=\"image.default\">\n\t\t\t\t\t\t\t\t\t\t\t\t\t\t\t<img fetchpriority=\"high\" decoding=\"async\" width=\"1024\" height=\"966\" src=\"https:\/\/abcrflagarinhos.org\/wp-content\/uploads\/2026\/01\/450372876_2156337798062368_7699657980565395449_n-1024x966.jpg\" class=\"attachment-large size-large wp-image-88822\" alt=\"\" srcset=\"https:\/\/abcrflagarinhos.org\/wp-content\/uploads\/2026\/01\/450372876_2156337798062368_7699657980565395449_n-1024x966.jpg 1024w, https:\/\/abcrflagarinhos.org\/wp-content\/uploads\/2026\/01\/450372876_2156337798062368_7699657980565395449_n-600x566.jpg 600w, https:\/\/abcrflagarinhos.org\/wp-content\/uploads\/2026\/01\/450372876_2156337798062368_7699657980565395449_n-300x283.jpg 300w, https:\/\/abcrflagarinhos.org\/wp-content\/uploads\/2026\/01\/450372876_2156337798062368_7699657980565395449_n-768x724.jpg 768w, https:\/\/abcrflagarinhos.org\/wp-content\/uploads\/2026\/01\/450372876_2156337798062368_7699657980565395449_n-1536x1449.jpg 1536w, https:\/\/abcrflagarinhos.org\/wp-content\/uploads\/2026\/01\/450372876_2156337798062368_7699657980565395449_n.jpg 1985w\" sizes=\"(max-width: 1024px) 100vw, 1024px\" \/>\t\t\t\t\t\t\t\t\t\t\t\t\t\t\t<\/div>\n\t\t\t\t<\/div>\n\t\t<div class=\"elementor-element elementor-element-5d2da1d e-con-full tm-col-stretched-none e-flex tm-bg-color-over-image e-con e-child\" data-id=\"5d2da1d\" data-element_type=\"container\" data-e-type=\"container\" data-settings=\"{&quot;background_background&quot;:&quot;classic&quot;}\">\n\t\t\t\t<div class=\"elementor-element elementor-element-1f57b5a elementor-widget elementor-widget-tm-ele-text-editor\" data-id=\"1f57b5a\" data-element_type=\"widget\" data-e-type=\"widget\" data-widget_type=\"tm-ele-text-editor.default\">\n\t\t\t\t<div class=\"elementor-widget-container\">\n\t\t\t\t\t\t\t<div class=\"tm-text-editor\">\r\n\t\t<p data-start=\"962\" data-end=\"1197\">A <strong data-start=\"964\" data-end=\"1043\">Associa\u00e7\u00e3o de Benefic\u00eancia Cultural e Recreativa da Freguesia de Lagarinhos <\/strong>\u00e9 uma Institui\u00e7\u00e3o Particular de Solidariedade Social (IPSS), com sede na Freguesia de Lagarinhos, no <strong data-start=\"1145\" data-end=\"1173\">Largo da Escola Prim\u00e1ria<\/strong>, concelho de Gouveia.A Institui\u00e7\u00e3o encontra-se reconhecida como <strong data-start=\"1247\" data-end=\"1288\">Pessoa Colectiva de Utilidade P\u00fablica<\/strong>, com publica\u00e7\u00e3o em <em data-start=\"1308\" data-end=\"1367\">Di\u00e1rio da Rep\u00fablica \u2013 III S\u00e9rie de 11 de dezembro de 1995<\/em>.<\/p>\t\t<\/div>\r\n\t\t\t\t\t<\/div>\n\t\t\t\t<\/div>\n\t\t\t\t<\/div>\n\t\t\t\t<\/div>\n\t\t<div class=\"elementor-element elementor-element-8494fab e-con-full tm-col-stretched-none e-flex tm-bg-color-over-image e-con e-child\" data-id=\"8494fab\" data-element_type=\"container\" data-e-type=\"container\">\n\t\t\t\t<div class=\"elementor-element elementor-element-96a94f3 horizontal-line-align-center elementor-widget__width-inherit vertical-line-align-bottom elementor-widget elementor-widget-tm-ele-section-title\" data-id=\"96a94f3\" data-element_type=\"widget\" data-e-type=\"widget\" data-widget_type=\"tm-ele-section-title.default\">\n\t\t\t\t<div class=\"elementor-widget-container\">\n\t\t\t\t\t<div class=\"tm-sc-section-title section-title \">\r\n\t<div class=\"title-wrapper\">\r\n\t\t\t\t\r\n\r\n<div class=\"sub-title-outer\">\r\n\t<\/div>\t\t\t<h3 class=\"title \">\r\n\r\n\t\t\r\n\t\t\t\t<span class=\"title-part1 \">FUNDA\u00c7\u00c3O E PERCURSO HIST\u00d3RICO<\/span>\r\n\t\t\t\t\r\n\t\t\r\n\t<\/h3>\r\n\t<div class=\"title-seperator-line\"><\/div>\t\t\t\t\t\t<div class=\"paragraph\">\r\n\t\t<p data-start=\"1487\" data-end=\"1703\">A escritura de constitui\u00e7\u00e3o da Associa\u00e7\u00e3o foi celebrada a <strong data-start=\"1545\" data-end=\"1571\">27 de dezembro de 1993<\/strong>, no Cart\u00f3rio Notarial de Gouveia, encontrando-se registada no <em data-start=\"1634\" data-end=\"1656\">Livro de Notas n.\u00ba 8<\/em>, de <em data-start=\"1661\" data-end=\"1682\">Escrituras Diversas<\/em>, folhas 139 a 148.<\/p><p data-start=\"1710\" data-end=\"1925\">A Associa\u00e7\u00e3o est\u00e1 implantada num terreno com uma \u00e1rea total de <strong data-start=\"1773\" data-end=\"1785\">3.000 m\u00b2<\/strong>, gentilmente doado pela <strong data-start=\"1810\" data-end=\"1878\">Exma. Senhora Dra. Maria de Lourdes Mendes Os\u00f3rio de Oliva Nunes<\/strong>, natural da freguesia e residente em Lisboa.<\/p><p data-start=\"1932\" data-end=\"2106\">A <strong data-start=\"1934\" data-end=\"1952\">primeira pedra<\/strong> foi lan\u00e7ada a <strong data-start=\"1967\" data-end=\"1991\">15 de agosto de 1994<\/strong>, tendo as obras sido conclu\u00eddas em <strong data-start=\"2027\" data-end=\"2044\">julho de 1999<\/strong>, com in\u00edcio de atividade a <strong data-start=\"2072\" data-end=\"2105\">1 de novembro desse mesmo ano<\/strong>.<\/p>\t<\/div>\r\n\t\t<\/div>\r\n<\/div>\t\t\t\t<\/div>\n\t\t\t\t<\/div>\n\t\t\t\t<div class=\"elementor-element elementor-element-78a25e7 horizontal-line-align-center elementor-widget__width-inherit vertical-line-align-bottom elementor-widget elementor-widget-tm-ele-section-title\" data-id=\"78a25e7\" data-element_type=\"widget\" data-e-type=\"widget\" data-widget_type=\"tm-ele-section-title.default\">\n\t\t\t\t<div class=\"elementor-widget-container\">\n\t\t\t\t\t<div class=\"tm-sc-section-title section-title \">\r\n\t<div class=\"title-wrapper\">\r\n\t\t\t\t\r\n\r\n<div class=\"sub-title-outer\">\r\n\t<\/div>\t\t\t<h3 class=\"title \">\r\n\r\n\t\t\r\n\t\t\t\t<span class=\"title-part1 \">HOMENAGEM E RECONHECIMENTO<\/span>\r\n\t\t\t\t\r\n\t\t\r\n\t<\/h3>\r\n\t<div class=\"title-seperator-line\"><\/div>\t\t\t\t\t\t<div class=\"paragraph\">\r\n\t\t<p data-start=\"2224\" data-end=\"2428\">No \u00e2mbito da cerim\u00f3nia inaugural da Institui\u00e7\u00e3o, foi prestada uma <strong data-start=\"2290\" data-end=\"2311\">homenagem p\u00fablica<\/strong> \u00e0 Exma. Senhora Dra. Maria de Lourdes M. O. Nunes, como forma de reconhecimento e gratid\u00e3o pela doa\u00e7\u00e3o do terreno.<\/p><p data-start=\"2435\" data-end=\"2610\">Nessa ocasi\u00e3o, foi-lhe atribu\u00eddo o t\u00edtulo de <strong data-start=\"2480\" data-end=\"2499\">S\u00f3cia Honor\u00e1ria<\/strong>, como express\u00e3o simb\u00f3lica do apre\u00e7o da comunidade e da Institui\u00e7\u00e3o pela sua generosidade e compromisso social.<\/p>\t<\/div>\r\n\t\t<\/div>\r\n<\/div>\t\t\t\t<\/div>\n\t\t\t\t<\/div>\n\t\t\t\t<div class=\"elementor-element elementor-element-0922668 horizontal-line-align-center elementor-widget__width-inherit vertical-line-align-bottom elementor-widget elementor-widget-tm-ele-section-title\" data-id=\"0922668\" data-element_type=\"widget\" data-e-type=\"widget\" data-widget_type=\"tm-ele-section-title.default\">\n\t\t\t\t<div class=\"elementor-widget-container\">\n\t\t\t\t\t<div class=\"tm-sc-section-title section-title \">\r\n\t<div class=\"title-wrapper\">\r\n\t\t\t\t\r\n\r\n<div class=\"sub-title-outer\">\r\n\t<\/div>\t\t\t<h3 class=\"title \">\r\n\r\n\t\t\r\n\t\t\t\t<span class=\"title-part1 \">MISS\u00c3O SOCIAL DA ASSOCIA\u00c7\u00c3O<\/span>\r\n\t\t\t\t\r\n\t\t\r\n\t<\/h3>\r\n\t<div class=\"title-seperator-line\"><\/div>\t\t\t\t\t\t<div class=\"paragraph\">\r\n\t\t<p data-start=\"2224\" data-end=\"2428\">A cria\u00e7\u00e3o da Associa\u00e7\u00e3o teve como principal objetivo <strong data-start=\"2771\" data-end=\"2836\">promover e dinamizar atividades de interesse para a popula\u00e7\u00e3o<\/strong>, bem como criar respostas sociais adequadas \u00e0s <strong data-start=\"2884\" data-end=\"2921\">car\u00eancias existentes na freguesia<\/strong>, com especial enfoque no apoio \u00e0 popula\u00e7\u00e3o idosa e mais vulner\u00e1vel.<\/p>\t<\/div>\r\n\t\t<\/div>\r\n<\/div>\t\t\t\t<\/div>\n\t\t\t\t<\/div>\n\t\t\t\t<div class=\"elementor-element elementor-element-014b2c6 horizontal-line-align-center elementor-widget__width-inherit vertical-line-align-bottom elementor-widget elementor-widget-tm-ele-section-title\" data-id=\"014b2c6\" data-element_type=\"widget\" data-e-type=\"widget\" data-widget_type=\"tm-ele-section-title.default\">\n\t\t\t\t<div class=\"elementor-widget-container\">\n\t\t\t\t\t<div class=\"tm-sc-section-title section-title \">\r\n\t<div class=\"title-wrapper\">\r\n\t\t\t\t\r\n\r\n<div class=\"sub-title-outer\">\r\n\t<\/div>\t\t\t<h3 class=\"title \">\r\n\r\n\t\t\r\n\t\t\t\t<span class=\"title-part1 \">RESPOSTAS SOCIAIS<\/span>\r\n\t\t\t\t\r\n\t\t\r\n\t<\/h3>\r\n\t<div class=\"title-seperator-line\"><\/div>\t\t\t\t\t\t<div class=\"paragraph\">\r\n\t\t<p>Inicialmente iniciou-se por :<\/p><p><strong data-start=\"3143\" data-end=\"3160\">Centro de Dia<\/strong><\/p><p><strong data-start=\"3165\" data-end=\"3204\">Servi\u00e7o de Apoio Domicili\u00e1rio (SAD)<\/strong><\/p><p><strong data-start=\"3209\" data-end=\"3229\">Cantinas Sociais<\/strong><\/p><p>Posteriormente, aquando o encerramento da Creche de Lagarinhos, a Associa\u00e7\u00e3o assumiu a responsabilidade de abrir mais duas val\u00eancias:<\/p><p><strong>Creche<\/strong><\/p><p><strong>Jardim de Inf\u00e2ncia<\/strong><\/p><p><strong>CATL - Atividades Tempos Livres<\/strong><\/p>\t<\/div>\r\n\t\t<\/div>\r\n<\/div>\t\t\t\t<\/div>\n\t\t\t\t<\/div>\n\t\t\t\t<div class=\"elementor-element elementor-element-20009c5 horizontal-line-align-center elementor-widget__width-inherit vertical-line-align-bottom elementor-widget elementor-widget-tm-ele-section-title\" data-id=\"20009c5\" data-element_type=\"widget\" data-e-type=\"widget\" data-widget_type=\"tm-ele-section-title.default\">\n\t\t\t\t<div class=\"elementor-widget-container\">\n\t\t\t\t\t<div class=\"tm-sc-section-title section-title \">\r\n\t<div class=\"title-wrapper\">\r\n\t\t\t\t\r\n\r\n<div class=\"sub-title-outer\">\r\n\t<\/div>\t\t\t<h3 class=\"title \">\r\n\r\n\t\t\r\n\t\t\t\t<span class=\"title-part1 \">Compromisso Final<\/span>\r\n\t\t\t\t\r\n\t\t\r\n\t<\/h3>\r\n\t<div class=\"title-seperator-line\"><\/div>\t\t\t\t\t\t<div class=\"paragraph\">\r\n\t\t<p>A Associa\u00e7\u00e3o disponibiliza um conjunto de servi\u00e7os orientados para a promo\u00e7\u00e3o da autonomia, a preven\u00e7\u00e3o do agravamento da depend\u00eancia e a melhoria cont\u00ednua da qualidade de vida dos utentes, contribuindo para uma resposta social pr\u00f3xima, solid\u00e1ria e sustent\u00e1vel.<\/p>\t<\/div>\r\n\t\t<\/div>\r\n<\/div>\t\t\t\t<\/div>\n\t\t\t\t<\/div>\n\t\t\t\t<\/div>\n\t\t\t\t\t<\/div>\n\t\t\t\t<\/div>\n\t\t<div class=\"elementor-element elementor-element-408f6bc e-flex e-con-boxed tm-col-stretched-none tm-bg-color-over-image e-con e-parent\" data-id=\"408f6bc\" data-element_type=\"container\" data-e-type=\"container\">\n\t\t\t\t\t<div class=\"e-con-inner\">\n\t\t<div class=\"elementor-element elementor-element-4b2bb64 e-con-full tm-col-stretched-none e-flex tm-bg-color-over-image e-con e-child\" data-id=\"4b2bb64\" data-element_type=\"container\" data-e-type=\"container\">\n\t\t\t\t<div class=\"elementor-element elementor-element-b06fe85 elementor-widget__width-initial horizontal-line-align-left vertical-line-align-bottom elementor-widget elementor-widget-tm-ele-section-title\" data-id=\"b06fe85\" data-element_type=\"widget\" data-e-type=\"widget\" data-widget_type=\"tm-ele-section-title.default\">\n\t\t\t\t<div class=\"elementor-widget-container\">\n\t\t\t\t\t<div class=\"tm-sc-section-title section-title \">\r\n\t<div class=\"title-wrapper\">\r\n\t\t\t\t\r\n\r\n<div class=\"sub-title-outer\">\r\n\t\t<div class=\"subtitle \">\r\n\r\n\t\t\r\n\t\tReconhecimento a quem deu in\u00edcio \u00e0 Associa\u00e7\u00e3o\t<\/div>\r\n\t<\/div>\t\t\t<h3 class=\"title \">\r\n\r\n\t\t\r\n\t\t\t\t<span class=\"title-part1 \">Os Nossos Fundadores<\/span>\r\n\t\t\t\t\r\n\t\t\r\n\t<\/h3>\r\n\t<div class=\"title-seperator-line\"><\/div>\t\t\t\t\t\t<div class=\"paragraph\">\r\n\t\t<p>A Associa\u00e7\u00e3o de Benefic\u00eancia Cultural e Recreativa da Freguesia de Lagarinhos nasceu do empenho e dedica\u00e7\u00e3o de cidad\u00e3os da comunidade, cujo contributo foi determinante para a cria\u00e7\u00e3o e desenvolvimento da Institui\u00e7\u00e3o.<\/p>\t<\/div>\r\n\t\t<\/div>\r\n<\/div>\t\t\t\t<\/div>\n\t\t\t\t<\/div>\n\t\t\t\t<\/div>\n\t\t<div class=\"elementor-element elementor-element-62cc0a2 e-con-full tm-col-stretched-none e-flex tm-bg-color-over-image e-con e-child\" data-id=\"62cc0a2\" data-element_type=\"container\" data-e-type=\"container\">\n\t\t\t\t<div class=\"elementor-element elementor-element-c445d80 elementor-widget elementor-widget-image\" data-id=\"c445d80\" data-element_type=\"widget\" data-e-type=\"widget\" data-widget_type=\"image.default\">\n\t\t\t\t\t\t\t\t\t\t\t\t\t\t\t<img decoding=\"async\" width=\"1426\" height=\"609\" src=\"https:\/\/abcrflagarinhos.org\/wp-content\/uploads\/2026\/02\/Sem-nome-1-16-02-2026-10-45-05.png\" class=\"attachment-full size-full wp-image-91248\" alt=\"\" srcset=\"https:\/\/abcrflagarinhos.org\/wp-content\/uploads\/2026\/02\/Sem-nome-1-16-02-2026-10-45-05.png 1426w, https:\/\/abcrflagarinhos.org\/wp-content\/uploads\/2026\/02\/Sem-nome-1-16-02-2026-10-45-05-300x128.png 300w, https:\/\/abcrflagarinhos.org\/wp-content\/uploads\/2026\/02\/Sem-nome-1-16-02-2026-10-45-05-1024x437.png 1024w, https:\/\/abcrflagarinhos.org\/wp-content\/uploads\/2026\/02\/Sem-nome-1-16-02-2026-10-45-05-768x328.png 768w, https:\/\/abcrflagarinhos.org\/wp-content\/uploads\/2026\/02\/Sem-nome-1-16-02-2026-10-45-05-600x256.png 600w\" sizes=\"(max-width: 1426px) 100vw, 1426px\" \/>\t\t\t\t\t\t\t\t\t\t\t\t\t\t\t<\/div>\n\t\t\t\t<\/div>\n\t\t<div class=\"elementor-element elementor-element-eed93d8 e-con-full tm-col-stretched-none e-flex tm-bg-color-over-image e-con e-child\" data-id=\"eed93d8\" data-element_type=\"container\" data-e-type=\"container\">\n\t\t\t\t<div class=\"elementor-element elementor-element-9437b8a elementor-widget elementor-widget-tm-ele-text-editor\" data-id=\"9437b8a\" data-element_type=\"widget\" data-e-type=\"widget\" data-widget_type=\"tm-ele-text-editor.default\">\n\t\t\t\t<div class=\"elementor-widget-container\">\n\t\t\t\t\t\t\t<div class=\"tm-text-editor\">\r\n\t\t<p><strong>Jo\u00e3o Pinto, Francisco Pinheiro, Jo\u00e3o Manuel Santos, Natalina Pimenta, Manuel Lopes Carvalho, Jos\u00e9 Saraiva, Jos\u00e9 Vicente, Aquiles Moura, Jos\u00e9 Fidalgo, Ant\u00f3nio Borges, Ant\u00f3nio Figueiredo,\u00a0 Ant\u00f3nio Vicente, \u00c1lvaro Bernardino Borges<\/strong><\/p>\t\t<\/div>\r\n\t\t\t\t\t<\/div>\n\t\t\t\t<\/div>\n\t\t\t\t<\/div>\n\t\t\t\t\t<\/div>\n\t\t\t\t<\/div>\n\t\t\t\t<\/div>\n\t\t","protected":false},"excerpt":{"rendered":"<p>A Associa\u00e7\u00e3o de Benefic\u00eancia Cultural e Recreativa da Freguesia de Lagarinhos \u00e9 uma Institui\u00e7\u00e3o Particular de Solidariedade Social (IPSS), com&#8230;<\/p>\n","protected":false},"author":1,"featured_media":0,"parent":0,"menu_order":0,"comment_status":"closed","ping_status":"closed","template":"","meta":{"om_disable_all_campaigns":false,"footnotes":""},"class_list":["post-89411","page","type-page","status-publish","hentry"],"aioseo_notices":[],"_links":{"self":[{"href":"https:\/\/abcrflagarinhos.org\/index.php?rest_route=\/wp\/v2\/pages\/89411","targetHints":{"allow":["GET"]}}],"collection":[{"href":"https:\/\/abcrflagarinhos.org\/index.php?rest_route=\/wp\/v2\/pages"}],"about":[{"href":"https:\/\/abcrflagarinhos.org\/index.php?rest_route=\/wp\/v2\/types\/page"}],"author":[{"embeddable":true,"href":"https:\/\/abcrflagarinhos.org\/index.php?rest_route=\/wp\/v2\/users\/1"}],"replies":[{"embeddable":true,"href":"https:\/\/abcrflagarinhos.org\/index.php?rest_route=%2Fwp%2Fv2%2Fcomments&post=89411"}],"version-history":[{"count":124,"href":"https:\/\/abcrflagarinhos.org\/index.php?rest_route=\/wp\/v2\/pages\/89411\/revisions"}],"predecessor-version":[{"id":91464,"href":"https:\/\/abcrflagarinhos.org\/index.php?rest_route=\/wp\/v2\/pages\/89411\/revisions\/91464"}],"wp:attachment":[{"href":"https:\/\/abcrflagarinhos.org\/index.php?rest_route=%2Fwp%2Fv2%2Fmedia&parent=89411"}],"curies":[{"name":"wp","href":"https:\/\/api.w.org\/{rel}","templated":true}]}}