{"id":89147,"date":"2026-01-20T11:44:37","date_gmt":"2026-01-20T11:44:37","guid":{"rendered":"https:\/\/abcrflagarinhos.org\/?page_id=89147"},"modified":"2026-01-20T11:51:03","modified_gmt":"2026-01-20T11:51:03","slug":"aviso-legal","status":"publish","type":"page","link":"https:\/\/abcrflagarinhos.org\/?page_id=89147","title":{"rendered":"Aviso Legal"},"content":{"rendered":"\t\t<div data-elementor-type=\"wp-page\" data-elementor-id=\"89147\" class=\"elementor elementor-89147\">\n\t\t\t\t<div class=\"elementor-element elementor-element-99f87de e-flex e-con-boxed tm-col-stretched-none tm-bg-color-over-image e-con e-parent\" data-id=\"99f87de\" data-element_type=\"container\" data-e-type=\"container\">\n\t\t\t\t\t<div class=\"e-con-inner\">\n\t\t\t\t<div class=\"elementor-element elementor-element-fd0b98a horizontal-line-align-left vertical-line-align-bottom elementor-widget elementor-widget-tm-ele-section-title\" data-id=\"fd0b98a\" data-element_type=\"widget\" data-e-type=\"widget\" data-widget_type=\"tm-ele-section-title.default\">\n\t\t\t\t<div class=\"elementor-widget-container\">\n\t\t\t\t\t<div class=\"tm-sc-section-title section-title \">\r\n\t<div class=\"title-wrapper\">\r\n\t\t\t\t\r\n\r\n<div class=\"sub-title-outer\">\r\n\t\t<div class=\"subtitle \">\r\n\r\n\t\t\r\n\t\t\n\t<\/div>\r\n\t<\/div>\t\t\t<h2 class=\"title \">\r\n\r\n\t\t\r\n\t\t\t\t<span class=\"title-part1 \">Aviso Legal<\/span>\r\n\t\t\t\t\r\n\t\t\r\n\t<\/h2>\r\n\t<div class=\"title-seperator-line\"><\/div>\t\t\t\t\t\t<\/div>\r\n<\/div>\t\t\t\t<\/div>\n\t\t\t\t<\/div>\n\t\t\t\t<div class=\"elementor-element elementor-element-9ce2d51 elementor-widget elementor-widget-tm-ele-text-editor\" data-id=\"9ce2d51\" data-element_type=\"widget\" data-e-type=\"widget\" data-widget_type=\"tm-ele-text-editor.default\">\n\t\t\t\t<div class=\"elementor-widget-container\">\n\t\t\t\t\t\t\t<div class=\"tm-text-editor\">\r\n\t\t<h2 data-start=\"258\" data-end=\"291\">1. Identifica\u00e7\u00e3o da Entidade<\/h2><p data-start=\"292\" data-end=\"328\">O presente website \u00e9 propriedade de:<\/p><p data-start=\"330\" data-end=\"624\"><strong data-start=\"330\" data-end=\"418\">Associa\u00e7\u00e3o de Benefic\u00eancia Cultural e Recreativa da Freguesia de Lagarinhos (ABCRFL)<\/strong><br data-start=\"418\" data-end=\"421\" \/>Natureza Jur\u00eddica: Institui\u00e7\u00e3o Particular de Solidariedade Social (IPSS)<br data-start=\"493\" data-end=\"496\" \/>Sede: Largo da Escola Prim\u00e1ria, 6290-091 Lagarinhos<br data-start=\"547\" data-end=\"550\" \/>Concelho: Gouveia \u2013 Distrito da Guarda<br data-start=\"588\" data-end=\"591\" \/>Email: <a data-start=\"598\" data-end=\"622\" class=\"decorated-link cursor-pointer\" rel=\"noopener\">abcrf.lagarinhos@sapo.pt<span aria-hidden=\"true\" class=\"ms-0.5 inline-block align-middle leading-none\"><svg xmlns=\"http:\/\/www.w3.org\/2000\/svg\" width=\"20\" height=\"20\" aria-hidden=\"true\" data-rtl-flip=\"\" class=\"block h-[0.75em] w-[0.75em] stroke-current stroke-[0.75]\"><use href=\"\/cdn\/assets\/sprites-core-k5zux585.svg#304883\" fill=\"currentColor\"><\/use><\/svg><\/span><\/a><\/p><hr data-start=\"626\" data-end=\"629\" \/><h2 data-start=\"631\" data-end=\"656\">2. Objeto do Website<\/h2><p data-start=\"657\" data-end=\"931\">Este website tem como objetivo disponibilizar informa\u00e7\u00e3o institucional sobre a Associa\u00e7\u00e3o, como documenta\u00e7\u00e3o para consulta p\u00fablica de contas e atividades, os seus servi\u00e7os, nomeadamente Centro de Dia, Servi\u00e7o de Apoio Domicili\u00e1rio, Jardim de Inf\u00e2ncia, Creche e outras atividades sociais, culturais e recreativas desenvolvidas pela ABCRFL.<\/p><p data-start=\"933\" data-end=\"1047\">A informa\u00e7\u00e3o disponibilizada tem car\u00e1ter meramente informativo e n\u00e3o dispensa o contacto direto com a institui\u00e7\u00e3o.<\/p><hr data-start=\"1049\" data-end=\"1052\" \/><h2 data-start=\"1054\" data-end=\"1085\">3. Propriedade Intelectual<\/h2><p data-start=\"1086\" data-end=\"1299\">Todos os conte\u00fados presentes neste website, incluindo textos, imagens, log\u00f3tipos, fotografias, v\u00eddeos, documentos e design gr\u00e1fico, s\u00e3o propriedade da ABCRFL ou utilizados com autoriza\u00e7\u00e3o dos respetivos titulares.<\/p><p data-start=\"1301\" data-end=\"1489\">A reprodu\u00e7\u00e3o, distribui\u00e7\u00e3o, modifica\u00e7\u00e3o ou utiliza\u00e7\u00e3o total ou parcial dos conte\u00fados, sem autoriza\u00e7\u00e3o pr\u00e9via e por escrito, \u00e9 expressamente proibida, salvo nos casos legalmente permitidos.<\/p><hr data-start=\"1491\" data-end=\"1494\" \/><h2 data-start=\"1496\" data-end=\"1520\">4. Responsabilidade<\/h2><p data-start=\"1521\" data-end=\"1725\">A ABCRFL envida todos os esfor\u00e7os para garantir que a informa\u00e7\u00e3o disponibilizada no website \u00e9 atual, correta e completa. No entanto, n\u00e3o se responsabiliza por eventuais erros, omiss\u00f5es ou desatualiza\u00e7\u00f5es.<\/p><p data-start=\"1727\" data-end=\"1859\">A ABCRFL n\u00e3o se responsabiliza por danos diretos ou indiretos resultantes da utiliza\u00e7\u00e3o deste website ou da informa\u00e7\u00e3o nele contida.<\/p><hr data-start=\"1861\" data-end=\"1864\" \/><h2 data-start=\"1866\" data-end=\"1902\">5. Liga\u00e7\u00f5es para Sites Externos<\/h2><p data-start=\"1903\" data-end=\"2069\">O website pode conter liga\u00e7\u00f5es para sites de terceiros. A ABCRFL n\u00e3o se responsabiliza pelos conte\u00fados, pol\u00edticas de privacidade ou pr\u00e1ticas desses websites externos.<\/p><p data-start=\"2071\" data-end=\"2183\">A inclus\u00e3o de liga\u00e7\u00f5es externas n\u00e3o implica qualquer associa\u00e7\u00e3o, parceria ou aprova\u00e7\u00e3o dos respetivos conte\u00fados.<\/p><hr data-start=\"2185\" data-end=\"2188\" \/><h2 data-start=\"2190\" data-end=\"2224\">6. Prote\u00e7\u00e3o de Dados Pessoais<\/h2><p data-start=\"2225\" data-end=\"2359\">O tratamento de dados pessoais efetuado atrav\u00e9s deste website cumpre o disposto no Regulamento Geral sobre a Prote\u00e7\u00e3o de Dados (RGPD).<\/p><p data-start=\"2361\" data-end=\"2524\">Para mais informa\u00e7\u00f5es sobre a recolha e tratamento de dados pessoais, consulte a <strong data-start=\"2442\" data-end=\"2469\">Pol\u00edtica de Privacidade<\/strong> e a <strong data-start=\"2474\" data-end=\"2497\">Pol\u00edtica de Cookies<\/strong> dispon\u00edveis neste website.<\/p><hr data-start=\"2526\" data-end=\"2529\" \/><h2 data-start=\"2531\" data-end=\"2564\">7. Altera\u00e7\u00f5es ao Aviso Legal<\/h2><p data-start=\"2565\" data-end=\"2727\">A ABCRFL reserva-se o direito de, a qualquer momento e sem aviso pr\u00e9vio, alterar o presente Aviso Legal, sendo as altera\u00e7\u00f5es devidamente publicadas neste website.<\/p><hr data-start=\"2729\" data-end=\"2732\" \/><h2 data-start=\"2734\" data-end=\"2773\">8. Lei Aplic\u00e1vel e Foro Competente<\/h2><p data-start=\"2774\" data-end=\"3006\">O presente Aviso Legal rege-se pela lei portuguesa.<br data-start=\"2825\" data-end=\"2828\" \/>Para a resolu\u00e7\u00e3o de quaisquer lit\u00edgios emergentes da utiliza\u00e7\u00e3o deste website, \u00e9 competente o foro da comarca territorialmente competente, com expressa ren\u00fancia a qualquer outro.<\/p>\t\t<\/div>\r\n\t\t\t\t\t<\/div>\n\t\t\t\t<\/div>\n\t\t\t\t\t<\/div>\n\t\t\t\t<\/div>\n\t\t\t\t<\/div>\n\t\t","protected":false},"excerpt":{"rendered":"<p>Aviso Legal 1. Identifica\u00e7\u00e3o da Entidade O presente website \u00e9 propriedade de: Associa\u00e7\u00e3o de Benefic\u00eancia Cultural e Recreativa da Freguesia&#8230;<\/p>\n","protected":false},"author":1,"featured_media":0,"parent":0,"menu_order":0,"comment_status":"closed","ping_status":"closed","template":"","meta":{"om_disable_all_campaigns":false,"footnotes":""},"class_list":["post-89147","page","type-page","status-publish","hentry"],"aioseo_notices":[],"_links":{"self":[{"href":"https:\/\/abcrflagarinhos.org\/index.php?rest_route=\/wp\/v2\/pages\/89147","targetHints":{"allow":["GET"]}}],"collection":[{"href":"https:\/\/abcrflagarinhos.org\/index.php?rest_route=\/wp\/v2\/pages"}],"about":[{"href":"https:\/\/abcrflagarinhos.org\/index.php?rest_route=\/wp\/v2\/types\/page"}],"author":[{"embeddable":true,"href":"https:\/\/abcrflagarinhos.org\/index.php?rest_route=\/wp\/v2\/users\/1"}],"replies":[{"embeddable":true,"href":"https:\/\/abcrflagarinhos.org\/index.php?rest_route=%2Fwp%2Fv2%2Fcomments&post=89147"}],"version-history":[{"count":7,"href":"https:\/\/abcrflagarinhos.org\/index.php?rest_route=\/wp\/v2\/pages\/89147\/revisions"}],"predecessor-version":[{"id":89154,"href":"https:\/\/abcrflagarinhos.org\/index.php?rest_route=\/wp\/v2\/pages\/89147\/revisions\/89154"}],"wp:attachment":[{"href":"https:\/\/abcrflagarinhos.org\/index.php?rest_route=%2Fwp%2Fv2%2Fmedia&parent=89147"}],"curies":[{"name":"wp","href":"https:\/\/api.w.org\/{rel}","templated":true}]}}